{"id":14740,"date":"2022-01-13T13:39:08","date_gmt":"2022-01-13T13:39:08","guid":{"rendered":"http:\/\/okeanija.ald.mk\/?post_type=product&#038;p=14740"},"modified":"2022-01-13T13:39:47","modified_gmt":"2022-01-13T13:39:47","slug":"ardex-sk-100-w","status":"publish","type":"product","link":"https:\/\/okeanija.mk\/?product=ardex-sk-100-w","title":{"rendered":"Ardex SK 100 W"},"content":{"rendered":"<p><strong>Sealing Membrane<\/strong><br \/>\n\u2022 For topside waterproofing over floors and walls<br \/>\n\u2022 Interior and exterior use<br \/>\n\u2022 Ideal for swimming pools; just one layer required<br \/>\n\u2022 Use on balconies and terraces<br \/>\n\u2022 Easy to cut and apply<br \/>\n\u2022 Immediately accepts coverings<br \/>\n\u2022 Excellent crack bridging properties<br \/>\n\u2022 Alkali-proof<\/p>\n<p>ARDEX SK 100 W Sealing Membrane a pliable, sheet applied, bonded waterproof membrane. ARDEX SK 100 W comprises a polypropylene liner that is laminated on both sides with a polyethylene film.<br \/>\nARDEX SK 100 W suitable for indoor and outdoor use, for walls and floors. For waterproofing wall and floor surfaces under tile and flagstone coverings under the stresses that can emerge in shower rooms, bathhouses, shower areas above bathtubs, sanitary rooms, in swimming pools, on balconies and terraces, and in areas subject to chemical stress, e.g. commercial kitchens. Tiles can be installed directly onto ARDEX SK 100 W.<br \/>\nTested according to the European Technical Approval Guideline (ETAG 022) for waterproofing walls and floors in wet areas, Part 2: Sealing Membranes. According to the ETAG 022 guideline, Part 2, the tested \u201csystem\u201d comprises the ARDEX SK 100 W Sealing Membrane and the following system products:<br \/>\n&#8212; ARDEX X 77 MICROTEC Flex adhesive<br \/>\n&#8212; ARDEX 8+9 l Two-component sealing compound<br \/>\n&#8212; ARDEX CA 20 P SMP assembling adhesive<br \/>\n&#8212; ARDEX SK 12 TRICOM Sealing tape 120<br \/>\n&#8212; ARDEX SK-W TRICOM Sealing collar 120 x 120<br \/>\n&#8212; ARDEX SK-F TRICOM Sealing collar 425 x 425<br \/>\n&#8212; ARDEX SK 90 TRICOM Inside corner 90 \u00b0<br \/>\n&#8212; ARDEX SK 270 Outside corner 270 \u00b0<\/p>\n<p><iframe loading=\"lazy\" title=\"ARDEX SK 100 Yal\u0131t\u0131m Membran\u0131\" width=\"1200\" height=\"675\" src=\"https:\/\/www.youtube.com\/embed\/hLWOMVYZSz0?feature=oembed\" frameborder=\"0\" allow=\"accelerometer; autoplay; clipboard-write; encrypted-media; gyroscope; picture-in-picture\" allowfullscreen><\/iframe><\/p>\n","protected":false},"excerpt":{"rendered":"<p><strong>Product Code<\/strong>: 1160 &amp; 2090 (10ml)<br \/>\n<strong>Barcode<\/strong>: 4024705702935 &amp; 4024705702928 (10ml)<br \/>\n<strong>Color:<\/strong> White with grey drop pattern<br \/>\n<strong>Membrane width<\/strong>: approx. 1.0 m<br \/>\n<strong>Fracture strain lengthwise<\/strong>: 82.5 % at 99.8 N\/15 mm<br \/>\n<strong>Fracture strain crosswise<\/strong>: 73.7 % at 46.5 N\/15 mm<br \/>\n<strong>Total thickness<\/strong>: 0.51 mm<br \/>\n<strong>Total weight<\/strong>: 315 g\/m\u00b2<br \/>\n<strong>Burst load<\/strong>: 3.0 bar<br \/>\n<strong>Crack bridging<\/strong>: &gt; 0,4 mm<br \/>\n<strong>Adhesive tensile strength<\/strong>: &gt; 0,2 N \/ mm2<br \/>\n<strong>SD value<\/strong>: &gt; 85 m<br \/>\n<strong>UV resistance<\/strong>: &lt; 500 hours<br \/>\n<strong>Identification as per GHS\/CLP<\/strong>: none<br \/>\n<strong>Identification as per ADR<\/strong>: none<br \/>\n<strong>Packaging<\/strong>: carton with 1 roll each<br \/>\n<strong>Roll length<\/strong>: 30 m or 10 m<br \/>\n<strong>Storage and shelf life<\/strong>: in a cool, dry space. in original packaging, approx. 24 months<\/p>\n","protected":false},"featured_media":14741,"template":"","meta":{"_acf_changed":false,"om_disable_all_campaigns":false,"_monsterinsights_skip_tracking":false,"_monsterinsights_sitenote_active":false,"_monsterinsights_sitenote_note":"","_monsterinsights_sitenote_category":0},"product_brand":[],"product_cat":[175,485],"product_tag":[537,534,438,533,488,538,535,536,532,487],"class_list":{"0":"post-14740","1":"product","2":"type-product","3":"status-publish","4":"has-post-thumbnail","6":"product_cat-isolation","7":"product_cat-waterproofing","8":"product_tag-balcony","9":"product_tag-exterior","10":"product_tag-floor","11":"product_tag-interior","12":"product_tag-isolation","13":"product_tag-sealing","14":"product_tag-swimming-pool","15":"product_tag-terrace","16":"product_tag-walls","17":"product_tag-waterproofing","18":"pa_brand-ardex","19":"yith_product_brand-ardex","21":"first","22":"instock","23":"shipping-taxable","24":"purchasable","25":"product-type-simple"},"acf":[],"aioseo_notices":[],"_links":{"self":[{"href":"https:\/\/okeanija.mk\/index.php?rest_route=\/wp\/v2\/product\/14740","targetHints":{"allow":["GET"]}}],"collection":[{"href":"https:\/\/okeanija.mk\/index.php?rest_route=\/wp\/v2\/product"}],"about":[{"href":"https:\/\/okeanija.mk\/index.php?rest_route=\/wp\/v2\/types\/product"}],"wp:featuredmedia":[{"embeddable":true,"href":"https:\/\/okeanija.mk\/index.php?rest_route=\/wp\/v2\/media\/14741"}],"wp:attachment":[{"href":"https:\/\/okeanija.mk\/index.php?rest_route=%2Fwp%2Fv2%2Fmedia&parent=14740"}],"wp:term":[{"taxonomy":"product_brand","embeddable":true,"href":"https:\/\/okeanija.mk\/index.php?rest_route=%2Fwp%2Fv2%2Fproduct_brand&post=14740"},{"taxonomy":"product_cat","embeddable":true,"href":"https:\/\/okeanija.mk\/index.php?rest_route=%2Fwp%2Fv2%2Fproduct_cat&post=14740"},{"taxonomy":"product_tag","embeddable":true,"href":"https:\/\/okeanija.mk\/index.php?rest_route=%2Fwp%2Fv2%2Fproduct_tag&post=14740"}],"curies":[{"name":"wp","href":"https:\/\/api.w.org\/{rel}","templated":true}]}}